of g**5/60 - g**4/4 - g**3 - 20*g**2. Let z be k(7). Let l(s) = 2*s**3 + s**2 - s + 1. Give l(z).
3
Let c = 579 - 571. Let y(l) = -l**3 + 6*l**2 + 15*l + 12. Determine y(c).
4
Let g(t) = 2 - 19 - 2*t + 12 + 6. Let j = 4 + -3. What is g(j)?
-1
Let b(p) = -p**3 + 8*p**2 + 33*p + 3. Let a be b(11). Let z(j) be the first derivative of -a*j + 12 + 5/2*j**2 + 2/3*j**3. Give z(-4).
9
Let n(v) be the second derivative of 0 + 5/12*v**4 + 1/20*v**5 - 2/3*v**3 - 31*v + 4*v**2. Give n(-6).
-4
Let x(q) = q. Let w be x(1). Suppose -3*m - 47 = -5*a, 4*m + 17 = w. Let l(s) = 6*s + 4 - 4*s + 7*s - a*s. What is l(-3)?
-2
Suppose 16 = 2*x + 2*s, 46 = 5*x - 0*x - s. Let v(f) = -f**2 + 8*f + 8. What is v(x)?
-1
Let n = -69 - -74. Suppose 5*w + 10 = y, w + n*y - 1 + 29 = 0. Let s(k) = -2*k**2 - 3*k + 1. Give s(w).
-8
Let t(j) = j**2 - j - 1. Let r(i) = i**2 + 4*i - 2. Let b(w) = -r(w) - t(w). Suppose 25 = -15*q - 20. Calculate b(q).
-6
Suppose 4*w - 24 = -3*s, 5*w + 31 = 4*s - 32. Let t = s + -10. Let j(n) = 0 + 2 - n - 3*n**3 + 2*n**3. Calculate j(t).
-8
Let y(l) be the second derivative of l**4/12 + 5*l**3/3 + l**2 + 72*l - 1. Calculate y(-8).
-14
Let o = -32511 - -32503. Let q(s) = 0*s**2 - 9*s - 12 + 0 - s**2. What is q(o)?
-4
Let d(b) = -b**3 - 11*b**2 - 12*b - 14. Let j be d(-10). Let s(a) = 9*a**2 + 12*a**2 - 20*a**2 - 7*a - 3. Determine s(j).
-9
Let r(s) be the first derivative of -21 - 2*s + 1/2*s**2. What is r(6)?
4
Let j(n) be the first derivative of -11*n**3/3 + n + 1. Let y(s) = -s**2 + 15*s + 22. Let b be y(16). Let q be (0 + (-4)/b)/((-10)/(-15)). Give j(q).
-10
Let h(d) = 2*d - 40. Let i(v) = -v + 20. Let q(s) = -6*h(s) - 13*i(s). Let m be q(15). Let x(y) = 2*y**2 + 5*y - 7. Determine x(m).
18
Let t = 289 + -297. Let f(g) = g**3 + 9*g**2 + 5*g - 9. What is f(t)?
15
Let k = 73 + -67. Let f be ((-20)/k)/((-4)/(-6)). Let b(s) = -s - 12. Calculate b(f).
-7
Let j(q) = q**3 - 7*q**2 + q - 1. Let a be j(7). Suppose a = 11*o - 9*o. Suppose -2*k = o*k. Let w(t) = t - 1. Calculate w(k).
-1
Let h(c) = 4*c**2 - 33 + 2*c + 15 + 17 - 3*c**2. What is h(2)?
7
Let p(h) = -2*h + 3. Let j(x) be the first derivative of -x**3/3 - 5*x**2/2 - 2*x - 3. Let a be j(-4). Suppose t + a*t + 12 = 0. What is p(t)?
11
Let j(k) = -k**2 - 5*k + 10. Let q(c) = -2*c**2 + 7*c - 3. Let p be (-6)/4*(-40)/15. Suppose p*x = 20 - 4. Let u be q(x). What is j(u)?
-4
Let s(h) be the second derivative of h**5/20 - 2*h**3/3 + 14*h. Let c(a) = a**2 - 3*a - 2. Let u be c(4). Let d be u/(-3) - 14/6. Calculate s(d).
-15
Let n(j) = j**2 - 3*j - 6. Let o(w) = -w**2 + 3*w + 4. Let k(q) = -5*n(q) - 4*o(q). Give k(6).
-4
Let w(i) be the third derivative of -7*i**5/60 + i**4/24 - i**3/6 - 90*i**2 - i. Calculate w(1).
-7
Let l(p) be the first derivative of 7*p + 2*p**2 - 6 + 1/3*p**3. Determine l(-5).
12
Let l(p) = p**3 + p**2 + p - 1. Let d(k) = -3*k**3 - 2*k**2 - k + 8. Let j(x) = -d(x) - 2*l(x). Let a = -47 - -47. Suppose 0 = -0*s - a*s + 3*s. Determine j(s).
-6
Let o(t) = -t**3 - 4*t**2 + 6*t. Suppose -2*q - s + 8 = 0, 3*q - 25 = 7*s - 2*s. Suppose q*z + 35 = -2*w, -5*w = 4*z - 2*w + 35. Determine o(z).
-5
Let u(b) = b**3 + 7*b**2 + 6*b - 3. Suppose -4*w = -4*i + 3 - 27, -4*i = 0. Suppose 4*z = w*z + 12. Determine u(z).
-3
Let d = 26 + -20. Suppose 0 = 2*r - 12 + d. Let l be 3*((-9)/3)/r. Let k(o) = o**2 - o - 3. Calculate k(l).
9
Suppose -p + 59 = 5*i + 2*p, 4*i - 34 = 2*p. Let r(k) = k**3 - 2 + 6 + 0*k**3 + 10*k - 7 - 11*k**2. What is r(i)?
-3
Let a(t) = -11*t + 8. Let v(x) = 14*x - 10. Let k(c) = 6*a(c) + 5*v(c). Suppose -5*w = -10*w, q - 6 = w. What is k(q)?
22
Suppose 0 = 5*s + 31 - 21. Let f(d) = -2*d**3 - 3*d**2 - d. Calculate f(s).
6
Let b(u) be the third derivative of -u**5/60 + u**4/8 + u**3/3 + 2*u**2. Let f(i) = -4*i**3 + i + 3. Let s be f(-1). Determine b(s).
-16
Let h(a) = a**2. Let q(b) = -5*b + 13. Let w be q(3). Let v be (-45)/(-20) + 2*w/16. Determine h(v).
4
Let g(p) = -p**2 + 1. Suppose 4*r = 4*t - 20, 4*t - 9 = 2*t + r. Suppose t*v + 2*o - 4*o = -14, o - 5 = 0. Determine g(v).
0
Let m be (4/6)/(1/15). Let b(z) = -2*z - 26 + 5 - 1 + 14 + 21. What is b(m)?
-7
Suppose 5*c - 14 = g, 4*g + 2 + 22 = 4*c. Let s(v) = v**2 + 2*v - 5. Let t(y) = -2*y**2 - 3*y + 9. Let m(k) = 5*s(k) + 3*t(k). Determine m(c).
0
Let t(q) = q**3 - 5*q**2 + 5. Suppose -3*c + 6*c + w - 23 = 0, 5*w - 7 = 3*c. What is t(c)?
41
Suppose 0 = 3*v - 2*f + 32, 3*f - 2 = -2*v - 6. Let r(j) = j**2 + 8*j + 5. Calculate r(v).
5
Let g(t) be the second derivative of t**5/20 + t**4/4 - 5*t**3/6 - 3*t**2/2 - 152*t. Let b = 10 + -14. What is g(b)?
1
Let c(u) = 9*u + 75. Let b be 4/(-20) - 132/30*2. Determine c(b).
-6
Let t(l) = -21*l**3 + 5*l**2 - l - 1. Let z(y) = 17*y**3 - 5*y**2 + y. Let n(r) = -4*t(r) - 5*z(r). What is n(4)?
16
Let i(u) be the third derivative of 3/8*u**4 - 15*u**2 + 1/120*u**6 + 0 + 0*u + 5/3*u**3 + 3/20*u**5. Calculate i(-8).
2
Let q be (2 + (0 - 3))*(3 - 3). Let x be ((-6)/8 + 10/8)*q. Let h(f) = f - 3. Give h(x).
-3
Let r = 353 - 359. Let j(v) = v**2 + 6*v + 9. Give j(r).
9
Let i(c) be the first derivative of c**4/4 + 8*c**3/3 + c**2 + 13*c - 85. What is i(-8)?
-3
Let q be 2*(26/(-4) + 3). Let o be 3 - 2 - (q - -1). Suppose 2 = 5*h + o. Let v(a) = -2*a**3 + a**2 - a - 1. Calculate v(h).
3
Let u(f) = -6*f**2 - 7*f - 1. Let c(b) = b**2 - b - 1. Let a(h) = -5*c(h) - u(h). Calculate a(-12).
6
Let h(t) = 2 + t**2 + 0*t**2 + 0*t**2 - 5*t. Suppose 2*g = x - 48 + 57, -4*g = x - 27. Determine h(g).
8
Let o = 9 + -4. Suppose -o*w = c - 25, 2*c - 35 = -4*w - w. Suppose 4*h = 6*h - c. Let g(m) = m**2 - 4*m. What is g(h)?
5
Suppose -d = t - 4 - 0, 5*t - 10 = 5*d. Let a be (-4)/20*(-17 + 7). Let z(s) = -7*s**3 + s**a + 6*s**3 + 5*s**3 - d. What is z(-1)?
-4
Let z = 4 - -3. Suppose i + 3*o = -2*o - 3, -2*o + 54 = 5*i. Let d = z - i. Let a(s) = s**3 + 5*s**2 + s + 4. What is a(d)?
-1
Let u(b) = -2*b - 2. Let a(i) = -i**3 - i**2 - i + 1. Let j be a(-2). Let n = j - 4. Determine u(n).
-8
Let z be 0/(-2 + 2/(-2)). Suppose -2*q - 4*s + 16 = -0*s, z = -s + 5. Let t(c) = -2*c**2 - 4*c - 3. Give t(q).
-3
Let k(t) = t**3 + 14*t**2 - t + 19. Let h = 767 + -781. What is k(h)?
33
Let r(n) = -5*n**3 - 15*n**2 - 9*n + 9. Let w(g) = -6*g**3 - 17*g**2 - 10*g + 10. Let j(p) = 5*r(p) - 4*w(p). Let c be 17/(-3) - (-1)/(-3). Determine j(c).
-1
Suppose 0 = -3*r + 25*r + 88. Let t(b) = -b**3 - 5*b**2 + 2*b + 3. What is t(r)?
-21
Suppose 5*s + 2*g - 17 = 0, 17 = 4*s + 3*g + 2*g. Let q(n) = -4*n + 2 + 7*n**2 - 10 + 3*n**s + 1 - 4*n**3. Let k be q(6). Let t(r) = 3*r - 3. Determine t(k).
12
Let n(t) = -t**2 + 34*t + 4 - 25*t + 0*t**2 - 5. Determine n(10).
-11
Let q(f) = -f**3 + 5*f**2 + 8*f - 7. Suppose 0 = w - 9 + 3. Let j be q(w). Let g(c) = -5 - 6*c - 3*c**2 + j*c**2 + 2*c. What is g(4)?
11
Let t(d) be the third derivative of d**5/60 + 5*d**4/24 - d**3/6 + 353*d**2. Let h = 2 - 7. Give t(h).
-1
Let q = 40 + -41. Let m(k) = -9*k - 1. Calculate m(q).
8
Let l(h) = -h**2 + 4*h + 2. Let g = -22 - -12. Let w = g + 15. Let v be l(w). Let b(j) = j. What is b(v)?
-3
Suppose 0 = -3*h + 115 + 272. Let x = -123 + h. Let m(i) = -i**2 + 8*i - 9. Calculate m(x).
3
Let a(y) = -y + 8. Let w = -86 - -86. Give a(w).
8
Let q(n) = n + 1. Suppose -11*a = a. Give q(a).
1
Let g(v) = 2*v - 7. Let t be (-1)/(-17) - 4012/(-578). Determine g(t).
7
Let v(h) = -7*h**3 + 23*h**2 - 14*h + 6. Let q = 54 + -62. Let r(i) = 11*i**3 - 35*i**2 + 21*i - 9. Let t(f) = q*v(f) - 5*r(f). Calculate t(8).
-11
Let i(t) be the first derivative of t**3/3 + 7*t**2/2 - 2*t - 7. Determine i(-6).
-8
Let g(f) = 0*f - 2*f + 0*f. Let t be (-57)/12 - 6/24. Determine g(t).
10
Let d be -2 - (-7 - 16/(-16)). Let q(b) be the second derivative of -b**6/720 + b**5/30 - b**4/12 - b. Let y(o) be the third derivative of q(o). Determine y(d).
0
Let t(b) = 5*b**2 - 19*b - 15. Let u(m) = -11*m**2 + 43*m + 31. Let o(q) = 13*t(q) + 6*u(q). Give o(6).
21
Suppose -2*c - o - 7 = -4*c, 13 = 3*c - 4*o. Let w(q) be the first derivative of 7/2*q**2 + 1/3*q**c + 11 + q. Determine w(-5).
-9
Suppose -3*a = 35 + 73. Let n = a - -37. Let o(j) = -6*j**3 + j**2 - j. Give o(n).
-6
Suppose 6 = 4*t - 2*o, 2*t = 4*o - 6 - 6. Suppose 2*u - t*h + 4 = 0, 6*h = h. Let l(m) = -m**3 + m**2 + 2*m - 1. What is l(u)?
7
Let m(p) be th